
Is 158635 composite?
True
Is 200275807 composite?
False
Is 2573617 composite?
False
Is 10355861 composite?
False
Is 194071313 a composite number?
False
Is 635423 a prime number?
True
Is 20824877 prime?
True
Is 22393297 composite?
True
Is 25576283 prime?
True
Is 435662777 composite?
True
Is 46163629 a composite number?
False
Is 801761 a prime number?
True
Is 148847 composite?
True
Is 498767851 a prime number?
False
Is 275027603 a prime number?
False
Is 134596219 composite?
False
Is 5046861 a prime number?
False
Is 73598095 a prime number?
False
Is 947927 a prime number?
True
Is 4330582 composite?
True
Is 88098467 prime?
True
Is 19907105 a prime number?
False
Is 718397 a composite number?
True
Is 147040655 prime?
False
Is 9460615 composite?
True
Is 185870519 a prime number?
False
Is 14092919 a composite number?
False
Is 49178917 composite?
False
Is 5314537 composite?
False
Is 14306767 a prime number?
False
Is 9820333 a composite number?
True
Is 64417742 composite?
True
Is 112750709 a prime number?
False
Is 167158 composite?
True
Is 8876347 a prime number?
True
Is 30019589 a prime number?
True
Is 11488649 a composite number?
True
Is 2511577 composite?
True
Is 35782931 prime?
True
Is 66639841 a composite number?
False
Is 124342226 prime?
False
Is 2244611 prime?
True
Is 4570282 prime?
False
Is 256970969 composite?
True
Is 24175969 composite?
False
Is 179119 a composite number?
False
Is 1837469 a composite number?
True
Is 7522369 composite?
True
Is 25669901 a composite number?
True
Is 77808229 composite?
True
Is 40982917 prime?
True
Is 2032603 composite?
True
Is 19733183 a prime number?
True
Is 4800911 prime?
True
Is 74735917 a prime number?
True
Is 11713049 a prime number?
False
Is 5549541 prime?
False
Is 12355559 a prime number?
True
Is 72555311 composite?
False
Is 73120381 a composite number?
True
Is 564930481 a prime number?
True
Is 1078487 prime?
False
Is 25235513 composite?
False
Is 164442917 composite?
False
Is 3926707 prime?
True
Is 601457249 composite?
True
Is 4353043 composite?
True
Is 17239697 a prime number?
True
Is 27179303 prime?
False
Is 18984653 a prime number?
False
Is 5400649 composite?
False
Is 2408933 composite?
False
Is 4831019 composite?
False
Is 142163878 a prime number?
False
Is 10870319 a composite number?
True
Is 4849241 prime?
False
Is 36285841 a prime number?
False
Is 129335039 composite?
False
Is 543967 composite?
False
Is 19526849 composite?
False
Is 34872809 prime?
False
Is 370987919 a prime number?
True
Is 1484969 a prime number?
True
Is 160951 a composite number?
True
Is 6563497 a composite number?
True
Is 112078927 a prime number?
True
Is 31535467 prime?
True
Is 153285437 prime?
True
Is 315881 a prime number?
True
Is 149457949 prime?
True
Is 79938809 a composite number?
True
Is 8922281 composite?
False
Is 21811483 a composite number?
True
Is 3911339 a composite number?
False
Is 290688641 prime?
True
Is 107152369 a prime number?
True
Is 773672065 composite?
True
Is 177466063 composite?
False
Is 9737597 a composite number?
True
Is 946685 prime?
False
Is 523252349 composite?
False
Is 6862894 prime?
False
Is 297837703 composite?
False
Is 85468121 prime?
True
Is 48913849 a prime number?
True
Is 826370887 prime?
False
Is 63798389 a prime number?
False
Is 172421 a prime number?
True
Is 12216079 composite?
False
Is 384729187 a prime number?
True
Is 16098697 a prime number?
False
Is 99270433 a composite number?
False
Is 955841 composite?
False
Is 93650891 prime?
True
Is 196738643 composite?
True
Is 1228037 a composite number?
True
Is 16463429 prime?
False
Is 46275569 a prime number?
True
Is 7695557 composite?
False
Is 54936919 a prime number?
True
Is 72715649 a prime number?
False
Is 3149033 composite?
True
Is 15800189 prime?
True
Is 533363 a prime number?
True
Is 79923667 prime?
True
Is 7446679 composite?
False
Is 88407601 a prime number?
True
Is 24103313 a prime number?
False
Is 87862349 a prime number?
True
Is 64944787 a prime number?
True
Is 173035699 composite?
True
Is 116299 a prime number?
False
Is 10867897 prime?
True
Is 4023213 composite?
True
Is 470579 a prime number?
True
Is 13235119 composite?
True
Is 639931 prime?
False
Is 72534623 prime?
False
Is 4073677 a prime number?
True
Is 18761251 a composite number?
True
Is 14931731 composite?
False
Is 15885941 a prime number?
False
Is 246590081 prime?
True
Is 16232253 a composite number?
True
Is 14839901 a prime number?
True
Is 125896994 a composite number?
True
Is 3993193 a prime number?
True
Is 7986457 composite?
False
Is 2512547 composite?
True
Is 1994009 a composite number?
True
Is 4079447 composite?
True
Is 58980953 a composite number?
False
Is 8653031 a composite number?
False
Is 220781129 composite?
True
Is 626206093 prime?
False
Is 22760411 composite?
True
Is 601676779 a prime number?
False
Is 1530511 composite?
False
Is 209202041 composite?
False
Is 384242561 a composite number?
False
Is 11192371 prime?
True
Is 5856509701 composite?
True
Is 1862009 composite?
False
Is 88818267 prime?
False
Is 1587037 a composite number?
True
Is 356927 prime?
True
Is 14514911 a prime number?
True
Is 4391 prime?
True
Is 61450633 composite?
False
Is 4516597 a composite number?
False
Is 109417547 composite?
True
Is 15853253 composite?
True
Is 3046909 a composite number?
False
Is 116819761 a prime number?
False
Is 515938907 prime?
False
Is 44892037 a composite number?
False
Is 255041291 a prime number?
True
Is 21820903 a composite number?
True
Is 15684493 a prime number?
False
Is 16551583 a composite number?
False
Is 22098823 prime?
False
Is 13515011 composite?
False
Is 461306563 composite?
False
Is 11353667 composite?
True
Is 134408429 a prime number?
False
Is 12147659 prime?
True
Is 76519 a composite number?
False
Is 222133277 a composite number?
True
Is 85570721 prime?
True
Is 5420567123 a composite number?
False
Is 4392319 prime?
False
Is 7535917 composite?
False
Is 1633319 prime?
True
Is 101561 composite?
False
Is 11745017 a composite number?
False
Is 3007661 a composite number?
False
Is 16579333 composite?
True
Is 1452047 a composite number?
False
Is 6179447 composite?
True
Is 21785947 composite?
False
Is 29139067 prime?
True
Is 11224439 prime?
True
Is 8819897 prime?
True
Is 19371323 a composite number?
False
Is 21478397 composite?
False
Is 4154389 a prime number?
True
Is 2309371 a prime number?
True
Is 64703621 a prime number?
True
Is 356840131 prime?
False
Is 70614527 a prime number?
False
Is 16474409 a prime number?
False
Is 1097101 prime?
True
Is 1259519 a composite number?
True
Is 456415033 a composite number?
True
Is 2183261 prime?
True
Is 6628333 prime?
False
Is 150411913 composite?
False
Is 69450817 a composite number?
True
Is 56438051 prime?
False
Is 159463987 a prime number?
False
Is 4424621 composite?
False
Is 145801 composite?
True
Is 12459361 composite?
True
Is 16308439 composite?
True
Is 47386847 a prime number?
True
Is 1376673 prime?
False
Is 29222359 prime?
False
Is 34523717 a composite number?
True
Is 7921909 composite?
False
Is 12737399 a prime number?
True
Is 81473629 composite?
False
Is 7163251 a prime number?
True
Is 9112949 prime?
True
Is 96941833 a prime number?
False
Is 181191239 a composite number?
True
Is 399733289 a prime number?
False
Is 4767155 a composite number?
True
Is 70850359 composite?
True
Is 7112111 a prime number?
True
Is 8427833 a composite number?
False
Is 115458253 a composite number?
False
Is 874217 prime?
True
Is 4860503 a prime number?
False
Is 284546585 a composite number?
True
Is 7730831 a composite number?
True
Is 772949 a composite number?
False
Is 4164443 prime?
False
Is 526406259 prime?
False
Is 1946963 a composite number?
False
Is 19575361 a prime number?
False
Is 49923439 a composite number?
True
Is 28020001 a composite number?
True
Is 1805849 a prime number?
False
Is 7396237 a composite number?
False
Is 15968735 composite?
True
Is 2606519 composite?
False
Is 46613271 a composite number?
True
Is 4429211 a composite number?
False
Is 1665667 composite?
True
Is 1582019 prime?
True
Is 18119411 a prime number?
True
Is 4550278 composite?
True
Is 2144711 a prime number?
False
Is 51547985 prime?
False
Is 489901403 a composite number?
True
Is 57431669 prime?
True
Is 503753 composite?
False
Is 129483127 composite?
False
Is 317587